f
Convert 320 (base 11) to base 5.
3020
331 (base 15) to base 9
881
What is -3d1 (base 15) in base 13?
-520
What is 7433 (base 11) in base 3?
111111100
2516 (base 7) to base 10
944
-52244 (base 6) to base 9
-10551
-12212 (base 4) to base 12
-2b2
Convert -3827 (base 10) to base 6.
-25415
-642 (base 11) to base 4
-30010
What is -270 (base 8) in base 2?
-10111000
750 (base 10) to base 4
23232
What is -31035 (base 6) in base 2?
-1000000011111
Convert 65408 (base 9) to base 10.
43343
Convert 1010 (base 5) to base 2.
10000010
Convert -ba01 (base 14) to base 11.
-22173
What is 1940 (base 12) in base 15?
d9c
Convert -1c9 (base 15) to base 14.
-218
What is 1110011010 (base 2) in base 16?
39a
What is 887 (base 14) in base 4?
122113
Convert -13012333 (base 4) to base 15.
-8964
Convert b (base 15) to base 5.
21
-10010010 (base 2) to base 10
-146
What is -1404431 (base 5) in base 9?
-43374
What is 251200 (base 6) in base 16?
5730
Convert 1111111011 (base 2) to base 13.
605
What is 97 (base 13) in base 5?
444
Convert -5564 (base 7) to base 9.
-2668
What is 21132 (base 7) in base 16?
1461
What is -121 (base 10) in base 15?
-81
Convert 10023 (base 8) to base 7.
14666
What is 10447 (base 9) in base 8?
15420
What is 12102111 (base 3) in base 16?
f73
Convert 140 (base 16) to base 12.
228
-c0e (base 15) to base 14
-dbc
What is 201130 (base 4) in base 15?
97a
2064 (base 12) to base 15
10a7
-3224 (base 5) to base 3
-121021
Convert -54026 (base 8) to base 6.
-252222
-22004 (base 6) to base 12
-1904
-3176 (base 15) to base 11
-7950
Convert 47040 (base 8) to base 3.
1000102202
-1401 (base 5) to base 13
-145
Convert 40 (base 9) to base 11.
33
What is -2331 (base 5) in base 10?
-341
Convert 22431 (base 8) to base 4.
2110121
What is -55324 (base 7) in base 2?
-11011000111101
What is 79b9 (base 14) in base 10?
21135
What is -31 (base 5) in base 15?
-11
-2112 (base 6) to base 12
-338
What is -165620 (base 7) in base 6?
-413512
What is -1a7d (base 14) in base 16?
-12cf
Convert -4530 (base 6) to base 11.
-886
101001 (base 2) to base 6
105
-277 (base 9) to base 10
-232
What is -53 (base 7) in base 4?
-212
5ba0 (base 12) to base 7
42105
12032 (base 4) to base 15
1b8
Convert 1e81 (base 15) to base 7.
25243
Convert 715 (base 13) to base 8.
2261
-677 (base 15) to base 5
-21322
What is -10211 (base 4) in base 11?
-247
Convert 157 (base 10) to base 13.
c1
Convert 35cc (base 14) to base 8.
22260
-158b (base 12) to base 8
-4773
What is -1720 (base 11) in base 7?
-6262
Convert 2112211 (base 3) to base 14.
96a
Convert -10100 (base 2) to base 3.
-202
-1001001 (base 2) to base 13
-58
-305 (base 14) to base 12
-415
Convert 14430 (base 5) to base 8.
2330
What is -3456 (base 8) in base 16?
-72e
38656 (base 9) to base 6
320340
What is 1209 (base 13) in base 11?
1a03
-739a (base 13) to base 3
-210222002
What is 44 (base 11) in base 8?
60
What is -2200200 (base 3) in base 7?
-5502
What is -2461 (base 7) in base 6?
-4141
What is 110343 (base 5) in base 6?
25452
What is -1015 (base 15) in base 3?
-11122202
Convert 72756 (base 8) to base 3.
1112102011
4187 (base 9) to base 12
1944
-15c (base 13) to base 2
-11110110
Convert -1329 (base 14) to base 5.
-101434
263d (base 14) to base 5
203334
-1087 (base 9) to base 15
-38d
What is -10011010101000111 (base 2) in base 13?
-2a065
-5049 (base 13) to base 8
-25446
Convert 3101 (base 5) to base 2.
110010001
Convert 1b0 (base 12) to base 5.
2101
-1101111100100 (base 2) to base 7
-26550
What is -22113 (base 5) in base 4?
-113331
Convert b49 (base 16) to base 3.
10222000
52540 (base 6) to base 9
10676
-123 (base 7) to base 4
-1002
What is 98b0 (base 13) in base 5?
1140033
Convert 48635 (base 9) to base 6.
410522
Convert -4c5 (base 15) to base 5.
-13320
Convert 11253 (base 7) to base 10.
2880
Convert 3e6 (base 15) to base 4.
31323
What is -128c5 (base 13) in base 14?
-c7c0
Convert 649 (base 12) to base 11.
768
-111101000010 (base 2) to base 14
-15d0
What is -22550 (base 8) in base 15?
-2c86
What is -111272 (base 8) in base 7?
-214340
Convert 2353 (base 6) to base 5.
4243
What is 559 (base 11) in base 7?
1644
Convert 2c6 (base 16) to base 14.
38a
-120210220 (base 3) to base 6
-125210
Convert 16861 (base 10) to base 12.
9911
What is 143020 (base 5) in base 16?
177a
975 (base 13) to base 3
2012220
What is 430 (base 5) in base 8?
163
Convert -42362 (base 7) to base 11.
-7969
20330030 (base 4) to base 2
1000111100001100
-161c5 (base 14) to base 2
-1101011111010001
1101 (base 6) to base 13
166
-1493 (base 11) to base 14
-9ad
23321 (base 6) to base 14
1321
Convert 120344 (base 8) to base 3.
2002111111
Convert -3133 (base 6) to base 9.
-863
What is f41 (base 16) in base 2?
111101000001
What is -d8 (base 16) in base 14?
-116
What is -13003203 (base 4) in base 10?
-28899
What is 1323 (base 13) in base 15?
c23
What is -106563 (base 7) in base 6?
-224403
-113311 (base 4) to base 8
-2765
b03c (base 13) to base 7
130415
Convert 102221220 (base 3) to base 9.
12856
What is 5260 (base 10) in base 15?
185a
What is 5322 (base 8) in base 15?
c4a
-9a1 (base 13) to base 10
-1652
Convert 1202 (base 4) to base 9.
118
-102012202 (base 3) to base 13
-394a
What is 222021 (base 3) in base 8?
1305
What is 2112100 (base 3) in base 8?
3465
Convert 277 (base 8) to base 12.
13b
113314 (base 6) to base 14
382a
Convert bb4b (base 12) to base 8.
50253
-3842 (base 12) to base 5
-201021
Convert -24293 (base 12) to base 2.
-1011111010001111
What is 39526 (base 10) in base 6?
502554
What is 11a (base 14) in base 7?
433
Convert 32200 (base 5) to base 11.
16a8
431a (base 13) to base 15
2b63
What is 242 (base 12) in base 7?
662
42413 (base 6) to base 16
1689
-10001101111 (base 2) to base 12
-7a7
Convert 113010 (base 4) to base 5.
21401
413031 (base 7) to base 13
2622c
-110000110 (base 2) to base 15
-1b0
What is 2a138 (base 11) in base 4?
22130002
Convert -7240 (base 12) to base 5.
-344212
14364 (base 15) to base 3
10022000111
Convert -946 (base 13) to base 10.
-1579
Convert 228 (base 11) to base 3.
101002
What is -9249 (base 12) in base 3?
-210210210
101101010011 (base 2) to base 5
43044
Convert -352510 (base 6) to base 10.
-30426
Convert 36156 (base 7) to base 5.
244401
What is 2721 (base 9) in base 4?
133330
Convert -2156 (base 9) to base 3.
-2011220
Convert -5af7 (base 16) to base 3.
-1011221111
Convert 212 (base 6) to base 14.
5a
Convert 10101010001 (base 2) to base 8.
2521
What is 79 (base 15) in base 8?
162
What is 757 (base 9) in base 12?
437
What is -11101010001001 (base 2) in base 5?
-434420
What is -36113 (base 8) in base 11?
-10662
Convert -1331 (base 4) to base 8.
-175
What is -212002121 (base 3) in base 9?
-25077
Convert -515 (base 15) to base 2.
-10001111001
-100001110101110 (base 2) to base 16
-43ae
Convert 568 (base 16) to base 5.
21014
-2440 (base 11) to base 12
-1a1a
-35632 (base 8) to base 14
-57bc
Convert -894 (base 15) to base 7.
-5440
2813 (base 11) to base 12
2138
Convert -820 (base 15) to base 4.
-130212
5570 (base 16) to base 4
11111300
Convert -120201 (base 6) to base 7.
-42304
What is 19502 (base 10) in base 9?
28668
-1401143 (base 5) to base 16
-6e8a
What is 4124 (base 6) in base 12?
644
Convert -63 (base 10) to base 8.
-77
224303 (base 7) to base 3
2000210012
Convert 273 (base 11) to base 16.
142
Convert 71442 (base 10) to base 7.
415200
Convert 9469 (base 11) to base 13.
5926
1143 (base 5) to base 15
b8
Convert -6178 (base 15) to base 10.
-20588
What is 44172 (base 8) in base 16?
487a
1351 (base 6) to base 5
2410
Convert 1949 (base 12) to base 16.
c09
Convert 13102 (base 4) to base 15.
211
1800 (base 14) to base 5
114222
Convert 1306 (base 7) to base 2.
111110000
Convert -248 (base 13) to base 14.
-206
Convert 11162 (base 12) to base 9.
34102
6a46 (base 13) to base 12
8782
What is -2020221 (base 3) in base 15?
-74a
Convert -eb4 (base 16) to base 2.
-111010110100
2826 (base 9) to base 6
13510
What is -1 (base 3) in base 15?
-1
176b (base 16) to base 14
2283
What is -17a8 (base 14) in base 11?
-3227
What is -b51a (base 12) in base 14?
-72aa
Convert 4a3b (base 14) to base 7.
52604
Convert -14034 (base 10) to base 16.
-36d2
Convert 1010110111010011 (base 2) to base 9.
67033
1b1 (base 16) to base 9
531
What is 43 (base 15) in base 3?
2100
Convert -3203212 (base 4) to base 